t of 259060?
0
What is the tens digit of 307308?
0
What is the hundred thousands digit of 587589?
5
What is the millions digit of 33155544?
3
What is the millions digit of 5554760?
5
What is the units digit of 2107487?
7
What is the tens digit of 529155?
5
What is the tens digit of 3520888?
8
What is the hundred thousands digit of 363387?
3
What is the ten thousands digit of 6652512?
5
What is the thousands digit of 199297?
9
What is the hundreds digit of 1757286?
2
What is the tens digit of 187083?
8
What is the millions digit of 4532756?
4
What is the ten thousands digit of 18582863?
8
What is the millions digit of 29617052?
9
What is the millions digit of 14453636?
4
What is the hundred thousands digit of 399143?
3
What is the units digit of 742728?
8
What is the units digit of 262575?
5
What is the tens digit of 112082?
8
What is the hundred thousands digit of 928375?
9
What is the millions digit of 8414545?
8
What is the hundreds digit of 2109432?
4
What is the units digit of 147680?
0
What is the units digit of 798261?
1
What is the units digit of 882651?
1
What is the units digit of 511006?
6
What is the units digit of 2777375?
5
What is the millions digit of 10534790?
0
What is the units digit of 1072?
2
What is the units digit of 31790?
0
What is the millions digit of 3310460?
3
What is the units digit of 138066?
6
What is the ten thousands digit of 512122?
1
What is the hundred thousands digit of 13282286?
2
What is the units digit of 713880?
0
What is the hundred thousands digit of 4432391?
4
What is the units digit of 3146619?
9
What is the thousands digit of 406161?
6
What is the ten thousands digit of 184396?
8
What is the tens digit of 187913?
1
What is the units digit of 3552505?
5
What is the units digit of 61648?
8
What is the ten thousands digit of 276941?
7
What is the units digit of 37679202?
2
What is the ten thousands digit of 7256454?
5
What is the ten thousands digit of 1839016?
3
What is the hundreds digit of 88831?
8
What is the thousands digit of 7057425?
7
What is the hundred thousands digit of 244900?
2
What is the tens digit of 14490667?
6
What is the ten thousands digit of 255981?
5
What is the units digit of 671822?
2
What is the millions digit of 6756314?
6
What is the hundreds digit of 329732?
7
What is the units digit of 8967272?
2
What is the hundreds digit of 139656?
6
What is the hundred thousands digit of 142937?
1
What is the ten thousands digit of 102095?
0
What is the hundred thousands digit of 10357298?
3
What is the units digit of 702184?
4
What is the hundred thousands digit of 337920?
3
What is the units digit of 21028872?
2
What is the hundred thousands digit of 3083680?
0
What is the tens digit of 375794?
9
What is the ten thousands digit of 242191?
4
What is the units digit of 1367965?
5
What is the ten millions digit of 13362669?
1
What is the thousands digit of 73366?
3
What is the hundred thousands digit of 2170571?
1
What is the tens digit of 9965976?
7
What is the ten thousands digit of 1446303?
4
What is the ten thousands digit of 3364952?
6
What is the units digit of 4321124?
4
What is the ten thousands digit of 1343167?
4
What is the ten millions digit of 22639385?
2
What is the thousands digit of 6269519?
9
What is the ten thousands digit of 1307469?
0
What is the units digit of 3109429?
9
What is the units digit of 69277?
7
What is the hundreds digit of 968307?
3
What is the ten thousands digit of 247889?
4
What is the thousands digit of 447848?
7
What is the hundreds digit of 257387?
3
What is the units digit of 854511?
1
What is the thousands digit of 2034389?
4
What is the thousands digit of 1521317?
1
What is the hundred thousands digit of 11562590?
5
What is the millions digit of 17868999?
7
What is the thousands digit of 478412?
8
What is the thousands digit of 271366?
1
What is the thousands digit of 17814778?
4
What is the thousands digit of 237820?
7
What is the units digit of 230459?
9
What is the ten thousands digit of 6834987?
3
What is the tens digit of 245689?
8
What is the tens digit of 309480?
8
What is the hundred thousands digit of 1021768?
0
What is the units digit of 1184078?
8
What is the hundred thousands digit of 15088700?
0
What is the millions digit of 1114528?
1
What is the hundreds digit of 74949?
9
What is the ten thousands digit of 436624?
3
What is the hundreds digit of 3645794?
7
What is the millions digit of 19036452?
9
What is the hundreds digit of 3575398?
3
What is the units digit of 70835?
5
What is the millions digit of 1108642?
1
What is the hundreds digit of 3237598?
5
What is the hundreds digit of 13125780?
7
What is the hundred thousands digit of 6567448?
5
What is the units digit of 27241?
1
What is the thousands digit of 193050?
3
What is the tens digit of 341315?
1
What is the ten thousands digit of 158281?
5
What is the thousands digit of 262263?
2
What is the hundred thousands digit of 254860?
2
What is the units digit of 10545?
5
What is the tens digit of 5533998?
9
What is the thousands digit of 42370?
2
What is the thousands digit of 10290896?
0
What is the thousands digit of 13508?
3
What is the hundreds digit of 4361976?
9
What is the tens digit of 60433?
3
What is the thousands digit of 580778?
0
What is the units digit of 3655974?
4
What is the thousands digit of 2070?
2
What is the tens digit of 7906377?
7
What is the thousands digit of 597817?
7
What is the ten thousands digit of 41903?
4
What is the hundred thousands digit of 7336664?
3
What is the thousands digit of 64822?
4
What is the units digit of 9467193?
3
What is the thousands digit of 438574?
8
What is the ten thousands digit of 68154?
6
What is the hundred thousands digit of 980826?
9
What is the thousands digit of 174058?
4
What is the units digit of 496143?
3
What is the thousands digit of 7540382?
0
What is the units digit of 703679?
9
What is the tens digit of 323701?
0
What is the units digit of 478360?
0
What is the tens digit of 598440?
4
What is the thousands digit of 24675?
4
What is the hundred thousands digit of 17048709?
0
What is the tens digit of 587510?
1
What is the ten thousands digit of 431605?
3
What is the tens digit of 6427?
2
What is the thousands digit of 12197968?
7
What is the hundreds digit of 155558?
5
What is the ten thousands digit of 1036468?
3
What is the thousands digit of 1269293?
9
What is the ten thousands digit of 2289151?
8
What is the thousands digit of 15563?
5
What is the millions digit of 8644199?
8
What is the hundreds digit of 12316604?
6
What is the millions digit of 3532988?
3
What is the units digit of 579552?
2
What is the millions digit of 2693538?
2
What is the tens digit of 124074?
7
What is the hundred thousands digit of 800242?
8
What is the units digit of 796870?
0
What is the units digit of 1342376?
6
What is the hundreds digit of 2674611?
6
What is the hundred thousands digit of 129042?
1
What is the ten millions digit of 22567659?
2
What is the tens digit of 3273?
7
What is the millions digit of 5518933?
5
What is the ten thousands digit of 17029?
1
What is the tens digit of 6197001?
0
What is the hundred thousands digit of 811048?
8
What is the tens digit of 3821254?
5
What is the units digit of 7230419?
9
What is the millions digit of 2141888?
2
What is the tens digit of 5270756?
5
What is the ten thousands digit of 346433?
4
What is the hundreds digit of 329235?
2
What is the tens digit of 253897?
9
What is the tens digit of 332266?
6
What is the hundreds digit of 109058?
0
What is the thousands digit of 907841?
7
What is the units digit of 867279?
9
What is the units digit of 333279?
9
What is the millions digit of 8198990?
8
What is the tens digit of 292401?
0
What is the millions digit of 6874406?
6
What is the thousands digit of 3746934?
6
What is the thousands digit of 29933?
9
What is the hundreds digit of 5454902?
9
What is the hundred thousands digit of 5343284?
3
What is the millions digit of 1399227?
1
What is the ten thousands digit of 288036?
8
What is the ten thousands digit of 1208230?
0
What is the hundred thousands digit of 117729?
1
What is the units digit of 25681715?
5
What is the ten thousands digit of 14971138?
7
What is the hundreds digit of 23554708?
7
What is the ten thousands digit 